{"id":1363,"date":"2021-06-07T17:30:51","date_gmt":"2021-06-07T15:30:51","guid":{"rendered":"http:\/\/adisrav.cluster028.hosting.ovh.net\/?page_id=1363"},"modified":"2022-06-23T17:32:29","modified_gmt":"2022-06-23T15:32:29","slug":"license-adisra-smartview","status":"publish","type":"page","link":"https:\/\/www.adisra.fr\/?page_id=1363","title":{"rendered":"License ADISRA SmartView"},"content":{"rendered":"\t\t<div data-elementor-type=\"wp-page\" data-elementor-id=\"1363\" class=\"elementor elementor-1363\">\n\t\t\t\t\t\t\t\t\t<section class=\"elementor-section elementor-top-section elementor-element elementor-element-1d1d17c5 elementor-section-boxed elementor-section-height-default elementor-section-height-default\" data-id=\"1d1d17c5\" data-element_type=\"section\">\n\t\t\t\t\t\t<div class=\"elementor-container elementor-column-gap-default\">\n\t\t\t\t\t<div class=\"elementor-column elementor-col-50 elementor-top-column elementor-element elementor-element-e30e48c\" data-id=\"e30e48c\" data-element_type=\"column\">\n\t\t\t<div class=\"elementor-widget-wrap elementor-element-populated\">\n\t\t\t\t\t\t\t\t<div class=\"elementor-element elementor-element-8f3a47f elementor-widget elementor-widget-eael-simple-menu\" data-id=\"8f3a47f\" data-element_type=\"widget\" data-widget_type=\"eael-simple-menu.default\">\n\t\t\t\t<div class=\"elementor-widget-container\">\n\t\t\t<div data-hamburger-icon=\"&lt;i aria-hidden=&quot;true&quot; class=&quot;fas fa-bars&quot;&gt;&lt;\/i&gt;\" data-indicator-class=\"fas fa-angle-down\" data-dropdown-indicator-class=\"fas fa-angle-down\" class=\"eael-simple-menu-container eael-simple-menu-align-left eael-simple-menu-dropdown-align-left preset-1\" data-hamburger-breakpoints=\"{&quot;mobile&quot;:&quot;Mobile (&gt; 767px)&quot;,&quot;tablet&quot;:&quot;Tablette (&gt; 1024px)&quot;,&quot;none&quot;:&quot;None&quot;}\" data-hamburger-device=\"tablet\"><ul id=\"menu-obtenir-de-laide\" class=\"eael-simple-menu eael-simple-menu-dropdown-animate-to-top eael-simple-menu-indicator eael-simple-menu-vertical\"><li id=\"menu-item-1914\" class=\"menu-item menu-item-type-post_type menu-item-object-page menu-item-has-children menu-item-1914\"><a href=\"https:\/\/www.adisra.fr\/?page_id=1319\" class=\"menu-link\">Introduction<\/a>\n<ul class=\"sub-menu\">\n\t<li id=\"menu-item-1400\" class=\"menu-item menu-item-type-post_type menu-item-object-page menu-item-1400\"><a href=\"https:\/\/www.adisra.fr\/?page_id=1350\" class=\"menu-link\">Architecture<\/a><\/li>\n\t<li id=\"menu-item-1401\" class=\"menu-item menu-item-type-post_type menu-item-object-page menu-item-1401\"><a href=\"https:\/\/www.adisra.fr\/?page_id=1352\" class=\"menu-link\">Conditions<\/a><\/li>\n\t<li id=\"menu-item-1402\" class=\"menu-item menu-item-type-post_type menu-item-object-page menu-item-1402\"><a href=\"https:\/\/www.adisra.fr\/?page_id=1361\" class=\"menu-link\">Installation d\u2019ADISRA SmartView<\/a><\/li>\n\t<li id=\"menu-item-1404\" class=\"menu-item menu-item-type-post_type menu-item-object-page menu-item-1404\"><a href=\"https:\/\/www.adisra.fr\/?page_id=1363\" class=\"menu-link\">License ADISRA SmartView<\/a><\/li>\n\t<li id=\"menu-item-1403\" class=\"menu-item menu-item-type-post_type menu-item-object-page menu-item-1403\"><a href=\"https:\/\/www.adisra.fr\/?page_id=1365\" class=\"menu-link\">Interface Intuitive d\u2019Ing\u00e9nierie<\/a><\/li>\n\t<li id=\"menu-item-1406\" class=\"menu-item menu-item-type-post_type menu-item-object-page menu-item-1406\"><a href=\"https:\/\/www.adisra.fr\/?page_id=1367\" class=\"menu-link\">Script<\/a><\/li>\n\t<li id=\"menu-item-1876\" class=\"menu-item menu-item-type-post_type menu-item-object-page menu-item-1876\"><a href=\"https:\/\/www.adisra.fr\/?page_id=1863\" class=\"menu-link\">Obtenir de l&rsquo;aide<\/a><\/li>\n<\/ul>\n<\/li>\n<li id=\"menu-item-1396\" class=\"menu-item menu-item-type-post_type menu-item-object-page menu-item-has-children menu-item-1396\"><a href=\"https:\/\/www.adisra.fr\/?page_id=1371\" class=\"menu-link\">Modules<\/a>\n<ul class=\"sub-menu\">\n\t<li id=\"menu-item-1408\" class=\"menu-item menu-item-type-post_type menu-item-object-page menu-item-1408\"><a href=\"https:\/\/www.adisra.fr\/?page_id=1373\" class=\"menu-link\">Ing\u00e9nierie<\/a><\/li>\n\t<li id=\"menu-item-1409\" class=\"menu-item menu-item-type-post_type menu-item-object-page menu-item-1409\"><a href=\"https:\/\/www.adisra.fr\/?page_id=1375\" class=\"menu-link\">Ex\u00e9cution<\/a><\/li>\n\t<li id=\"menu-item-1410\" class=\"menu-item menu-item-type-post_type menu-item-object-page menu-item-1410\"><a href=\"https:\/\/www.adisra.fr\/?page_id=1377\" class=\"menu-link\">Visionneuse<\/a><\/li>\n<\/ul>\n<\/li>\n<li id=\"menu-item-1395\" class=\"menu-item menu-item-type-post_type menu-item-object-page menu-item-has-children menu-item-1395\"><a href=\"https:\/\/www.adisra.fr\/?page_id=1379\" class=\"menu-link\">Hot Topics<\/a>\n<ul class=\"sub-menu\">\n\t<li id=\"menu-item-1411\" class=\"menu-item menu-item-type-post_type menu-item-object-page menu-item-1411\"><a href=\"https:\/\/www.adisra.fr\/?page_id=1381\" class=\"menu-link\">Base de donn\u00e9es<\/a><\/li>\n<\/ul>\n<\/li>\n<\/ul><\/div>\t\t<\/div>\n\t\t\t\t<\/div>\n\t\t\t\t\t<\/div>\n\t\t<\/div>\n\t\t\t\t<div class=\"elementor-column elementor-col-50 elementor-top-column elementor-element elementor-element-101ef6f7\" data-id=\"101ef6f7\" data-element_type=\"column\">\n\t\t\t<div class=\"elementor-widget-wrap elementor-element-populated\">\n\t\t\t\t\t\t\t\t<div class=\"elementor-element elementor-element-7259c3a7 elementor-widget elementor-widget-heading\" data-id=\"7259c3a7\" data-element_type=\"widget\" data-widget_type=\"heading.default\">\n\t\t\t\t<div class=\"elementor-widget-container\">\n\t\t\t<h1 class=\"elementor-heading-title elementor-size-default\">Licence ADISRA<\/h1>\t\t<\/div>\n\t\t\t\t<\/div>\n\t\t\t\t<div class=\"elementor-element elementor-element-60f75b76 elementor-widget elementor-widget-text-editor\" data-id=\"60f75b76\" data-element_type=\"widget\" data-widget_type=\"text-editor.default\">\n\t\t\t\t<div class=\"elementor-widget-container\">\n\t\t\t\t\t\t\t<p>La licence ADISRA SmartView authentifie une seule machine pour ex\u00e9cuter le logiciel ADISRA SmartView. La m\u00eame licence ne peut pas \u00eatre transf\u00e9r\u00e9e sur une autre machine car elle est associ\u00e9e \u00e0 des composants uniques de la machine qui a \u00e9mis le code de licence.<\/p><p>Une licence est g\u00e9n\u00e9r\u00e9e de mani\u00e8re s\u00e9curis\u00e9e par l&rsquo;\u00e9quipe ADISRA avec l&rsquo;interaction avec le client et elle peut \u00e9galement \u00eatre d\u00e9sactiv\u00e9e \u00e0 tout moment, mais si elle est d\u00e9sactiv\u00e9e, ADISRA devra \u00eatre contact\u00e9e si elle doit \u00eatre r\u00e9activ\u00e9e.<\/p>\t\t\t\t\t\t<\/div>\n\t\t\t\t<\/div>\n\t\t\t\t<div class=\"elementor-element elementor-element-7066cc23 elementor-widget elementor-widget-heading\" data-id=\"7066cc23\" data-element_type=\"widget\" data-widget_type=\"heading.default\">\n\t\t\t\t<div class=\"elementor-widget-container\">\n\t\t\t<h2 class=\"elementor-heading-title elementor-size-default\">Enregistrer une licence<\/h2>\t\t<\/div>\n\t\t\t\t<\/div>\n\t\t\t\t<div class=\"elementor-element elementor-element-0bc2a16 elementor-widget elementor-widget-text-editor\" data-id=\"0bc2a16\" data-element_type=\"widget\" data-widget_type=\"text-editor.default\">\n\t\t\t\t<div class=\"elementor-widget-container\">\n\t\t\t\t\t\t\t<p>Lorsque ADISRA SmartView est install\u00e9 pour la premi\u00e8re fois, il donne \u00e0 l&rsquo;utilisateur un acc\u00e8s de 30 jours. Mais d\u00e8s son expiration, une licence sera n\u00e9cessaire pour ex\u00e9cuter le logiciel. Les instructions ci-dessous montreront les \u00e9tapes pour enregistrer une nouvelle licence.<\/p><p>1. Installez ADISRA SmartView<\/p><p>2. Il existe deux mani\u00e8res d&rsquo;enregistrer une licence :<\/p><p>\u00a0 \u00a0 2.1. Ouvrez le menu Aide et cliquez sur le bouton S&rsquo;inscrire, comme dans la figure suivante :<\/p>\t\t\t\t\t\t<\/div>\n\t\t\t\t<\/div>\n\t\t\t\t<div class=\"elementor-element elementor-element-6a2493b2 elementor-widget elementor-widget-image\" data-id=\"6a2493b2\" data-element_type=\"widget\" data-widget_type=\"image.default\">\n\t\t\t\t<div class=\"elementor-widget-container\">\n\t\t\t\t\t\t\t\t\t\t\t\t\t\t\t<img loading=\"lazy\" decoding=\"async\" width=\"461\" height=\"138\" src=\"https:\/\/www.adisra.fr\/wp-content\/uploads\/2021\/06\/Register.png\" class=\"attachment-large size-large\" alt=\"\" srcset=\"https:\/\/www.adisra.fr\/wp-content\/uploads\/2021\/06\/Register.png 461w, https:\/\/www.adisra.fr\/wp-content\/uploads\/2021\/06\/Register-300x90.png 300w\" sizes=\"auto, (max-width: 461px) 100vw, 461px\" \/>\t\t\t\t\t\t\t\t\t\t\t\t\t\t\t<\/div>\n\t\t\t\t<\/div>\n\t\t\t\t<div class=\"elementor-element elementor-element-ca71384 elementor-widget elementor-widget-text-editor\" data-id=\"ca71384\" data-element_type=\"widget\" data-widget_type=\"text-editor.default\">\n\t\t\t\t<div class=\"elementor-widget-container\">\n\t\t\t\t\t\t\t<p>\u00a0 \u00a0 \u00a02.2. Acc\u00e9dez \u00e0 la barre d&rsquo;outils Windows : D\u00e9marrer &gt; Tous les programmes &gt; ADISRA SmartView &gt; Enregistrer la licence.<\/p><p>3. En choisissant de vous enregistrer en utilisant l&rsquo;une des m\u00e9thodes 2.1 ou 2.2 ci-dessus, la fen\u00eatre suivante appara\u00eetra.<\/p>\t\t\t\t\t\t<\/div>\n\t\t\t\t<\/div>\n\t\t\t\t<div class=\"elementor-element elementor-element-e71581b elementor-widget elementor-widget-image\" data-id=\"e71581b\" data-element_type=\"widget\" data-widget_type=\"image.default\">\n\t\t\t\t<div class=\"elementor-widget-container\">\n\t\t\t\t\t\t\t\t\t\t\t\t\t\t\t<img loading=\"lazy\" decoding=\"async\" width=\"596\" height=\"198\" src=\"https:\/\/www.adisra.fr\/wp-content\/uploads\/2021\/06\/Licensing_License.png\" class=\"attachment-large size-large\" alt=\"\" srcset=\"https:\/\/www.adisra.fr\/wp-content\/uploads\/2021\/06\/Licensing_License.png 596w, https:\/\/www.adisra.fr\/wp-content\/uploads\/2021\/06\/Licensing_License-300x100.png 300w\" sizes=\"auto, (max-width: 596px) 100vw, 596px\" \/>\t\t\t\t\t\t\t\t\t\t\t\t\t\t\t<\/div>\n\t\t\t\t<\/div>\n\t\t\t\t<div class=\"elementor-element elementor-element-77e00d1 elementor-widget elementor-widget-text-editor\" data-id=\"77e00d1\" data-element_type=\"widget\" data-widget_type=\"text-editor.default\">\n\t\t\t\t<div class=\"elementor-widget-container\">\n\t\t\t\t\t\t\t<p>4. Cliquez sur le bouton intitul\u00e9 Generate license.code pour cr\u00e9er le nom de fichier texte avec l&rsquo;ID du mat\u00e9riel. Cet emplacement de fichier sera affich\u00e9 dans la zone de texte appel\u00e9e Chemin de sortie (Remarque : vous pouvez modifier le chemin de sortie en cliquant sur le bouton graphique \u00e0 c\u00f4t\u00e9 de la zone de texte Chemin de sortie)<\/p><p>5. Joignez le fichier texte nomm\u00e9 \u00ab SmartView.code \u00bb \u00e0 un e-mail et envoyez-le \u00e0 info@adisra.com ou \u00e0 toute personne de l&rsquo;\u00e9quipe ADISRA.<\/p><p>6. Le fournisseur du logiciel renverra un fichier de cl\u00e9 de licence qui correspond \u00e0 cet ID de mat\u00e9riel. T\u00e9l\u00e9chargez et enregistrez le fichier de licence sur votre lecteur de stockage (souvenez-vous de l&#8217;emplacement).<\/p><p>7. Saisissez l&#8217;emplacement du fichier de cl\u00e9 de licence dans la zone de texte Chemin de la licence ou acc\u00e9dez-y en cliquant sur le bouton graphique, puis cliquez sur le bouton Valider.<\/p><p>8. Vous serez invit\u00e9 \u00e0 confirmer l&rsquo;op\u00e9ration une fois que le programme accepte (valide) votre cl\u00e9 de licence.<\/p><p>9. Vous \u00eates maintenant pr\u00eat \u00e0 utiliser ADISRA SmartView.<\/p><p>10. Fermez la fen\u00eatre Enregistrer la licence et ex\u00e9cutez \u00e0 nouveau ADISRA SmartView.<\/p>\t\t\t\t\t\t<\/div>\n\t\t\t\t<\/div>\n\t\t\t\t\t<\/div>\n\t\t<\/div>\n\t\t\t\t\t\t\t<\/div>\n\t\t<\/section>\n\t\t\t\t<section class=\"elementor-section elementor-top-section elementor-element elementor-element-152ef81 elementor-section-boxed elementor-section-height-default elementor-section-height-default\" data-id=\"152ef81\" data-element_type=\"section\">\n\t\t\t\t\t\t<div class=\"elementor-container elementor-column-gap-default\">\n\t\t\t\t\t<div class=\"elementor-column elementor-col-100 elementor-top-column elementor-element elementor-element-5aa0366\" data-id=\"5aa0366\" data-element_type=\"column\">\n\t\t\t<div class=\"elementor-widget-wrap\">\n\t\t\t\t\t\t\t\t\t<\/div>\n\t\t<\/div>\n\t\t\t\t\t\t\t<\/div>\n\t\t<\/section>\n\t\t\t\t\t\t\t<\/div>\n\t\t","protected":false},"excerpt":{"rendered":"<p>Introduction Architecture Conditions Installation d\u2019ADISRA SmartView License ADISRA SmartView Interface Intuitive d\u2019Ing\u00e9nierie Script Obtenir de l&rsquo;aide Modules Ing\u00e9nierie Dur\u00e9e Viewer Sujets d\u2019Actualit\u00e9s Base de donn\u00e9es Documentation MultiTagViewer Remote Viewer S\u00e9curit\u00e9 Biblioth\u00e8que de Fonctions Syst\u00e8me Web ADISRA SmartView .NET Framework 4.8 Licence ADISRA La licence ADISRA SmartView authentifie une seule machine pour ex\u00e9cuter le logiciel ADISRA &hellip;<\/p>\n<p class=\"read-more\"> <a class=\"\" href=\"https:\/\/www.adisra.fr\/?page_id=1363\"> <span class=\"screen-reader-text\">License ADISRA SmartView<\/span> Lire la suite\u00a0\u00bb<\/a><\/p>\n","protected":false},"author":1,"featured_media":0,"parent":0,"menu_order":0,"comment_status":"closed","ping_status":"closed","template":"","meta":{"_monsterinsights_skip_tracking":false,"_monsterinsights_sitenote_active":false,"_monsterinsights_sitenote_note":"","_monsterinsights_sitenote_category":0,"site-sidebar-layout":"no-sidebar","site-content-layout":"page-builder","ast-main-header-display":"","ast-hfb-above-header-display":"","ast-hfb-below-header-display":"","ast-hfb-mobile-header-display":"","site-post-title":"disabled","ast-breadcrumbs-content":"","ast-featured-img":"disabled","footer-sml-layout":"","theme-transparent-header-meta":"default","adv-header-id-meta":"","stick-header-meta":"","header-above-stick-meta":"","header-main-stick-meta":"","header-below-stick-meta":"","footnotes":""},"class_list":["post-1363","page","type-page","status-publish","hentry"],"aioseo_notices":[],"_links":{"self":[{"href":"https:\/\/www.adisra.fr\/index.php?rest_route=\/wp\/v2\/pages\/1363","targetHints":{"allow":["GET"]}}],"collection":[{"href":"https:\/\/www.adisra.fr\/index.php?rest_route=\/wp\/v2\/pages"}],"about":[{"href":"https:\/\/www.adisra.fr\/index.php?rest_route=\/wp\/v2\/types\/page"}],"author":[{"embeddable":true,"href":"https:\/\/www.adisra.fr\/index.php?rest_route=\/wp\/v2\/users\/1"}],"replies":[{"embeddable":true,"href":"https:\/\/www.adisra.fr\/index.php?rest_route=%2Fwp%2Fv2%2Fcomments&post=1363"}],"version-history":[{"count":7,"href":"https:\/\/www.adisra.fr\/index.php?rest_route=\/wp\/v2\/pages\/1363\/revisions"}],"predecessor-version":[{"id":7520,"href":"https:\/\/www.adisra.fr\/index.php?rest_route=\/wp\/v2\/pages\/1363\/revisions\/7520"}],"wp:attachment":[{"href":"https:\/\/www.adisra.fr\/index.php?rest_route=%2Fwp%2Fv2%2Fmedia&parent=1363"}],"curies":[{"name":"wp","href":"https:\/\/api.w.org\/{rel}","templated":true}]}}