{"id":1058,"date":"2021-06-01T15:29:48","date_gmt":"2021-06-01T13:29:48","guid":{"rendered":"http:\/\/adisrav.cluster028.hosting.ovh.net\/?page_id=1058"},"modified":"2022-06-23T17:49:50","modified_gmt":"2022-06-23T15:49:50","slug":"support","status":"publish","type":"page","link":"https:\/\/www.adisra.fr\/?page_id=1058","title":{"rendered":"Support"},"content":{"rendered":"\t\t<div data-elementor-type=\"wp-page\" data-elementor-id=\"1058\" class=\"elementor elementor-1058\">\n\t\t\t\t\t\t\t<div class=\"elementor-element elementor-element-7edac3c e-container--row e-container\" data-id=\"7edac3c\" data-element_type=\"container\">\t\t<div class=\"elementor-element elementor-element-64a03a9 e-container--column e-container\" data-id=\"64a03a9\" data-element_type=\"container\">\t\t<div class=\"elementor-element elementor-element-fb24bbc e-container--row e-container\" data-id=\"fb24bbc\" data-element_type=\"container\">\t\t<div class=\"elementor-element elementor-element-08c30d2 e-container--column e-container\" data-id=\"08c30d2\" data-element_type=\"container\">\t\t\t\t<div class=\"elementor-element elementor-element-0bf725f elementor-widget elementor-widget-heading\" data-id=\"0bf725f\" data-element_type=\"widget\" data-widget_type=\"heading.default\">\n\t\t\t\t<div class=\"elementor-widget-container\">\n\t\t\t<h1 class=\"elementor-heading-title elementor-size-default\">Support<\/h1>\t\t<\/div>\n\t\t\t\t<\/div>\n\t\t<\/div><\/div><div class=\"elementor-element elementor-element-8686b50 e-container--row e-container\" data-id=\"8686b50\" data-element_type=\"container\">\t\t<div class=\"elementor-element elementor-element-fd7d6ee e-container--column e-container\" data-id=\"fd7d6ee\" data-element_type=\"container\">\t\t\t\t<div class=\"elementor-element elementor-element-dc88254 elementor-widget elementor-widget-text-editor\" data-id=\"dc88254\" data-element_type=\"widget\" data-widget_type=\"text-editor.default\">\n\t\t\t\t<div class=\"elementor-widget-container\">\n\t\t\t\t\t\t\t<p>Nous sommes ici pour vous aider. Le support ADISRA est disponible pour r\u00e9pondre \u00e0 vos questions.<\/p>\t\t\t\t\t\t<\/div>\n\t\t\t\t<\/div>\n\t\t<\/div><\/div><\/div><\/div><div class=\"elementor-element elementor-element-65a9d45 e-container--row e-container\" data-id=\"65a9d45\" data-element_type=\"container\">\t\t<div class=\"elementor-element elementor-element-32d0160 e-container--column e-container\" data-id=\"32d0160\" data-element_type=\"container\">\t\t\t\t<div class=\"elementor-element elementor-element-bba09ed elementor-view-default elementor-widget elementor-widget-icon\" data-id=\"bba09ed\" data-element_type=\"widget\" data-widget_type=\"icon.default\">\n\t\t\t\t<div class=\"elementor-widget-container\">\n\t\t\t\t\t<div class=\"elementor-icon-wrapper\">\n\t\t\t<div class=\"elementor-icon\">\n\t\t\t<i aria-hidden=\"true\" class=\"fas fa-phone\"><\/i>\t\t\t<\/div>\n\t\t<\/div>\n\t\t\t\t<\/div>\n\t\t\t\t<\/div>\n\t\t\t\t<div class=\"elementor-element elementor-element-aa0dea5 elementor-widget elementor-widget-heading\" data-id=\"aa0dea5\" data-element_type=\"widget\" data-widget_type=\"heading.default\">\n\t\t\t\t<div class=\"elementor-widget-container\">\n\t\t\t<h2 class=\"elementor-heading-title elementor-size-default\">T\u00e9l\u00e9phone<\/h2>\t\t<\/div>\n\t\t\t\t<\/div>\n\t\t\t\t<div class=\"elementor-element elementor-element-eebc32f elementor-widget elementor-widget-text-editor\" data-id=\"eebc32f\" data-element_type=\"widget\" data-widget_type=\"text-editor.default\">\n\t\t\t\t<div class=\"elementor-widget-container\">\n\t\t\t\t\t\t\t<p><a href=\"tel:0546074440\">+33 (0)5 46 07 44 40<\/a><\/p>\t\t\t\t\t\t<\/div>\n\t\t\t\t<\/div>\n\t\t<\/div><div class=\"elementor-element elementor-element-4af8ea1 e-container--column e-container\" data-id=\"4af8ea1\" data-element_type=\"container\">\t\t\t\t<div class=\"elementor-element elementor-element-d6fbc6e elementor-view-default elementor-widget elementor-widget-icon\" data-id=\"d6fbc6e\" data-element_type=\"widget\" data-widget_type=\"icon.default\">\n\t\t\t\t<div class=\"elementor-widget-container\">\n\t\t\t\t\t<div class=\"elementor-icon-wrapper\">\n\t\t\t<div class=\"elementor-icon\">\n\t\t\t<i aria-hidden=\"true\" class=\"far fa-envelope\"><\/i>\t\t\t<\/div>\n\t\t<\/div>\n\t\t\t\t<\/div>\n\t\t\t\t<\/div>\n\t\t\t\t<div class=\"elementor-element elementor-element-045e9f1 elementor-widget elementor-widget-heading\" data-id=\"045e9f1\" data-element_type=\"widget\" data-widget_type=\"heading.default\">\n\t\t\t\t<div class=\"elementor-widget-container\">\n\t\t\t<h2 class=\"elementor-heading-title elementor-size-default\">Email<\/h2>\t\t<\/div>\n\t\t\t\t<\/div>\n\t\t\t\t<div class=\"elementor-element elementor-element-3c9db0c elementor-widget elementor-widget-text-editor\" data-id=\"3c9db0c\" data-element_type=\"widget\" data-widget_type=\"text-editor.default\">\n\t\t\t\t<div class=\"elementor-widget-container\">\n\t\t\t\t\t\t\t<p><a style=\"text-decoration: underline; color: #47199e;\" href=\"mailto:support@kepfrance.fr\">support@kepfrance.fr<\/a><\/p>\t\t\t\t\t\t<\/div>\n\t\t\t\t<\/div>\n\t\t<\/div><div class=\"elementor-element elementor-element-10b0745 e-container--column e-container\" data-id=\"10b0745\" data-element_type=\"container\">\t\t\t\t<div class=\"elementor-element elementor-element-90434f7 elementor-view-default elementor-widget elementor-widget-icon\" data-id=\"90434f7\" data-element_type=\"widget\" data-widget_type=\"icon.default\">\n\t\t\t\t<div class=\"elementor-widget-container\">\n\t\t\t\t\t<div class=\"elementor-icon-wrapper\">\n\t\t\t<div class=\"elementor-icon\">\n\t\t\t<i aria-hidden=\"true\" class=\"fab fa-rocketchat\"><\/i>\t\t\t<\/div>\n\t\t<\/div>\n\t\t\t\t<\/div>\n\t\t\t\t<\/div>\n\t\t\t\t<div class=\"elementor-element elementor-element-c8c1765 elementor-widget elementor-widget-heading\" data-id=\"c8c1765\" data-element_type=\"widget\" data-widget_type=\"heading.default\">\n\t\t\t\t<div class=\"elementor-widget-container\">\n\t\t\t<h2 class=\"elementor-heading-title elementor-size-default\">Chat<\/h2>\t\t<\/div>\n\t\t\t\t<\/div>\n\t\t\t\t<div class=\"elementor-element elementor-element-55a29fd elementor-widget elementor-widget-text-editor\" data-id=\"55a29fd\" data-element_type=\"widget\" data-widget_type=\"text-editor.default\">\n\t\t\t\t<div class=\"elementor-widget-container\">\n\t\t\t\t\t\t\t<p>Cliquez sur le bouton en bas de l&rsquo;\u00e9cran. Si le support est hors-ligne, vous pouvez laissez un message.<\/p>\t\t\t\t\t\t<\/div>\n\t\t\t\t<\/div>\n\t\t<\/div><\/div>\t\t\t\t\t<\/div>\n\t\t","protected":false},"excerpt":{"rendered":"<p>Support Nous sommes ici pour vous aider. Le support ADISRA est disponible pour r\u00e9pondre \u00e0 vos questions. T\u00e9l\u00e9phone +33 (0)5 46 07 44 40 Email support@kepfrance.fr Chat Cliquez sur le bouton en bas de l&rsquo;\u00e9cran. Si le support est hors-ligne, vous pouvez laissez un message.<\/p>\n","protected":false},"author":1,"featured_media":0,"parent":0,"menu_order":0,"comment_status":"closed","ping_status":"closed","template":"","meta":{"_monsterinsights_skip_tracking":false,"_monsterinsights_sitenote_active":false,"_monsterinsights_sitenote_note":"","_monsterinsights_sitenote_category":0,"site-sidebar-layout":"no-sidebar","site-content-layout":"page-builder","ast-main-header-display":"","ast-hfb-above-header-display":"","ast-hfb-below-header-display":"","ast-hfb-mobile-header-display":"","site-post-title":"disabled","ast-breadcrumbs-content":"","ast-featured-img":"disabled","footer-sml-layout":"","theme-transparent-header-meta":"","adv-header-id-meta":"","stick-header-meta":"","header-above-stick-meta":"","header-main-stick-meta":"","header-below-stick-meta":"","footnotes":""},"class_list":["post-1058","page","type-page","status-publish","hentry"],"aioseo_notices":[],"_links":{"self":[{"href":"https:\/\/www.adisra.fr\/index.php?rest_route=\/wp\/v2\/pages\/1058","targetHints":{"allow":["GET"]}}],"collection":[{"href":"https:\/\/www.adisra.fr\/index.php?rest_route=\/wp\/v2\/pages"}],"about":[{"href":"https:\/\/www.adisra.fr\/index.php?rest_route=\/wp\/v2\/types\/page"}],"author":[{"embeddable":true,"href":"https:\/\/www.adisra.fr\/index.php?rest_route=\/wp\/v2\/users\/1"}],"replies":[{"embeddable":true,"href":"https:\/\/www.adisra.fr\/index.php?rest_route=%2Fwp%2Fv2%2Fcomments&post=1058"}],"version-history":[{"count":13,"href":"https:\/\/www.adisra.fr\/index.php?rest_route=\/wp\/v2\/pages\/1058\/revisions"}],"predecessor-version":[{"id":7586,"href":"https:\/\/www.adisra.fr\/index.php?rest_route=\/wp\/v2\/pages\/1058\/revisions\/7586"}],"wp:attachment":[{"href":"https:\/\/www.adisra.fr\/index.php?rest_route=%2Fwp%2Fv2%2Fmedia&parent=1058"}],"curies":[{"name":"wp","href":"https:\/\/api.w.org\/{rel}","templated":true}]}}